76*q - 5. Is o(-2) composite?
False
Is ((-381)/6)/((-2)/12) composite?
True
Let t(m) = m - 1. Let g(b) = 64*b. Let z(c) = g(c) - t(c). Is z(2) prime?
True
Let a(f) = -29*f + 17. Is a(-6) a prime number?
True
Let u = -1 + -1. Let s be 6*-1 - (-1 - -3). Is (-100)/s - u/4 a prime number?
True
Let y = 1161 + -526. Let c = y + -382. Is c a composite number?
True
Let o be (-1)/3 + (-50)/(-15). Suppose -k + 2*k = -3*b + 2536, -o*k - 3364 = -4*b. Suppose 3*i = -i + b. Is i a prime number?
True
Is (-1 - 418/(-2)) + 3 a prime number?
True
Let r be 19 - (-1 + (2 - 1)). Suppose -4*d + 55 = r. Is d prime?
False
Let y be 24 - (-3)/((-3)/(-2)). Suppose -2*n = -12 - y. Is n composite?
False
Let c be (2 + (-422)/4)*2. Let f = -145 - c. Suppose 0 = 3*b - b - f. Is b composite?
False
Let r = -11 + 12. Let y(h) = 6*h**3. Is y(r) composite?
True
Suppose m = 2*m - 5. Let q = m + -3. Suppose l + 5*z = 6, -2*l + q*z = -z - 51. Is l composite?
True
Let f(n) = -32*n - 1. Let o be f(-4). Suppose -4*c + o = 5*j - 0*j, -55 = -2*j - 3*c. Is j a prime number?
True
Let w be -4 - -13 - (0 - 0). Suppose -7*g - 674 = -w*g. Let c = g + -210. Is c composite?
False
Let f(z) = z - 8. Let c be f(8). Suppose 2*m + 3*a + 3 = c, 4*m + 2*a + 18 = 8*m. Suppose 4*v - m*d = 221, 0 = 2*v + 2*v - 2*d - 218. Is v a prime number?
True
Suppose 4*n = -5 + 1. Is 2 - 44/(4*n) a prime number?
True
Let u(a) = -a**3 + 12*a**2 - 2*a - 2. Is u(9) a composite number?
False
Suppose -2*r - 2*r - 280 = 0. Let u(a) = 8*a**2 - 5*a. Let j be u(-5). Let p = j + r. Is p a composite number?
True
Suppose -5*v - 1 - 4 = 0, 6280 = 5*j - 5*v. Is j composite?
True
Let d(k) = -13*k**3 + 17*k**2 + 3*k + 13. Let p(h) = -7*h**3 + 9*h**2 + 2*h + 7. Suppose 5*j = 13 - 43. Let c(a) = j*d(a) + 11*p(a). Is c(3) composite?
False
Suppose 4110 = 14*t - 4*t. Is t composite?
True
Let f(q) = 3*q**2 - 11*q + 3. Suppose -3*t - a + 2*a = 34, 2*a = 4*t + 48. Is f(t) prime?
False
Is 6/24 + 15142/8 a prime number?
False
Let t = 7 + -6. Let h(d) = 3 - t + 4 - 5 + 90*d**2. Is h(1) a composite number?
True
Suppose -u = -j + 2*j - 1, -3*u - 2*j + 7 = 0. Suppose 9*z = u*z + 296. Is z a composite number?
True
Let q = 1979 - 1396. Is q composite?
True
Let j = -7 - -10. Suppose c - 4 = -3*v, j*v - 2*v + 6 = -4*c. Is 1/(c/(-62)*1) a prime number?
True
Suppose -6*c = -2*c - 4*v, -4*c = 4*v + 8. Let s = -2 - c. Is 80 + s + (1 - 1) a prime number?
True
Is 4/12 - (-202)/6 prime?
False
Let p = -13 + 10. Let t(n) = 14*n**2 + 2*n - 1. Is t(p) prime?
False
Suppose 15 + 1 = 4*l. Suppose -h = l*h - 75. Is 74*h/(-12)*-2 composite?
True
Let m(l) = 6*l + 7 - 5*l**2 + 6*l**2 - 1. Let w be m(-5). Is 21*w + (2 - 2) a prime number?
False
Suppose 2*g - 115 = 51. Is g a prime number?
True
Let j(r) = 4*r**3 + 2*r**2 + r. Let s be j(-2). Is 4*s/(-2) + 1 a composite number?
False
Suppose -2*v = 0, 0 = 4*b + 5*v - 1 - 15. Is (14/(-6))/(b/(-276)) composite?
True
Let z = 1603 - 400. Is z a prime number?
False
Is -3694*(36/(-8) + -1 + 5) a prime number?
True
Suppose 5*y - 826 = 3*y. Is y a prime number?
False
Let m(a) = 3*a**2 - 3*a - 10. Is m(-7) a prime number?
False
Suppose -5*b = -2*l - 20, 20 = -4*l + l + 5*b. Suppose -f + g = -l*f - 166, 0 = 3*f + 3*g - 486. Let n = f - 85. Is n a prime number?
True
Suppose 0 = 3*u - 5*y - 608, -24 = -5*y + 1. Is u prime?
True
Let n = -779 - -503. Let o = n - -533. Is o a prime number?
True
Let s = -755 - -1086. Is s prime?
True
Let a(w) = w. Let u be a(0). Let z = 2 + u. Suppose -z*i = i - 207. Is i a prime number?
False
Let f = 1 + 0. Let i be (-179)/(-2) - f/(-2). Let n = i + -32. Is n prime?
False
Let z(f) = -f + 4. Let j be z(5). Let n(m) = 4*m**2 + 2*m + 1. Let u be n(j). Suppose 29 + 40 = u*o. Is o a composite number?
False
Suppose 10*v - 13*v = -2217. Is v composite?
False
Let h be ((-60)/(-45))/(2/1218). Suppose -h = -5*s + 353. Is s prime?
True
Let b(n) = -n**3 + 2*n**2 + n - 2. Let f be b(2). Suppose f*p - 3*p = 0. Suppose p = -5*u + 174 + 1. Is u composite?
True
Let f = 10 + 113. Is f prime?
False
Suppose -3*n = -2*a + 866, -2*a - 298 + 1192 = 4*n. Let y = 266 - a. Is y/(-9) + (-2)/9 a composite number?
False
Suppose 0 = -6*g + 2*g + 636. Is g prime?
False
Let h = 6 + -3. Suppose h*g - 5*g = -244. Suppose 3*l = 2*k + 207, -3*l + l + g = 4*k. Is l a composite number?
False
Let s(p) be the first derivative of p**4/4 + 5*p**3/3 + p**2 - 2*p + 1. Is s(-2) prime?
False
Let f(t) = -t - 19*t - 2 + 1. Is f(-2) a composite number?
True
Let i(b) = -b**2 - 5*b - 1 + 3*b + 0*b**2 - 23*b**3. Let a(n) = n**3 - 2*n**2 - 3*n - 1. Let l be a(3). Is i(l) composite?
False
Suppose -5*i + 558 + 2458 = 4*y, y - 4*i = 733. Is y prime?
False
Let x(p) = p**3 + 7*p**2 - 2*p - 2. Let b = 6 - 12. Is x(b) prime?
False
Let d(r) = r**2 - r + 223. Let a be ((-1)/(-2)*0)/3. Is d(a) a prime number?
True
Let w(r) = -r**3 + 3*r**2 - 5*r + 2*r**3 + 4*r + 2*r. Let u be w(-2). Let i(y) = 4*y**2 + 2*y + 1. Is i(u) prime?
False
Let i be 9/2 + (-4)/8. Suppose i*j - 12 = -0*j. Is (15 - 1)*j/2 prime?
False
Let m(x) = x**3 + x - 4. Let q = -2 - -6. Let b be m(q). Suppose 0 = -l - i + b, 3*l - i - 196 = -0. Is l a composite number?
True
Suppose 19*u = 110108 - 8971. Is u a prime number?
True
Let y(z) = 14*z**2 + 3*z + 4. Let j be (8 + -7)*(-4 - -1). Is y(j) composite?
True
Let y(c) = 13*c**3 + 3*c**2 + c - 5. Is y(4) a prime number?
False
Let n = 262 + -165. Is n prime?
True
Suppose p + 3*i = 183, 3*p - 687 = -i - 146. Suppose -2*d + 6*d = 2*t - 374, -5*d + p = t. Is t a prime number?
False
Suppose r - 8*r = -15099. Is r prime?
False
Suppose 8 = 3*y - 2*i, 2*y - 4*i + 5*i + 4 = 0. Suppose 4*h - 43 - 49 = y. Is h prime?
True
Let v = 15 + 0. Suppose -7 = -2*y + v. Is y a composite number?
False
Let o(d) = -3*d**2 + d + 5. Let s be o(-8). Let c be 2/4 - 561/2. Let v = s - c. Is v prime?
False
Suppose -8695 = 11*n - 16*n. Is n a prime number?
False
Suppose -3*o + 4*l + 23 = 0, -5*o + 51 = -4*l + 18. Suppose 20 = o*a, a = 2*c - 244 - 590. Is c composite?
False
Let b = -5 + 10. Suppose 195 + 196 = 2*c - 3*n, b*n = -c + 176. Is c prime?
True
Let q(i) = -14*i. Let x be q(3). Let p = -19 - x. Is p composite?
False
Let f(v) = v**3 + 6*v**2 + v + 6. Let a be f(-6). Let p = 4 - a. Let y(h) = 3*h + 2. Is y(p) a prime number?
False
Let h(i) = -i**3 - 6*i**2 - 7*i - 1. Let w be h(-5). Let r be 3/w - (-1)/(-3). Suppose 3*n + r*y - 4*y = 125, -10 = 2*y. Is n a prime number?
False
Suppose 4*w + 5*y = 10211, w + 2*y = 1914 + 638. Is w a composite number?
True
Suppose 2*o = w - 3, 2*w = -3*o + 4*w - 4. Is (57/(-6))/(o/4) a composite number?
False
Suppose -3*f + 5*f + 16 = 0. Let g = f + 33. Suppose -g = -5*i + 20. Is i a composite number?
True
Let d(w) = -20*w**2 + 3*w + 1. Let c be d(5). Let j = -327 + 94. Let p = j - c. Is p composite?
False
Suppose -3*a - a = -16. Suppose -a*j + 20 = j. Suppose j*v - 58 = 238. Is v prime?
False
Is (194/5)/((-8)/(-20)) a prime number?
True
Suppose 9*c - 37294 + 8035 = 0. Is c composite?
False
Let f(n) = n**3 - 6*n**2 - 4*n - 17. Let k be f(7). Suppose -k*m = -m - 267. Is m a composite number?
False
Let f(k) = -6*k**2 - 5*k + 3. Let p(o) = -3*o**2 - 3*o + 2. Let d(z) = 3*f(z) - 7*p(z). Is d(4) composite?
False
Is -2 - 383*(-2)/(-8)*-4 a composite number?
True
Suppose -3*o - 20 = -o. Let l be (-119)/(-35) - (-4)/o. Suppose -5*t + l*t + 38 = 0. Is t a composite number?
False
Let m = -16 - -27. Is m a composite number?
False
Is 1*89*1/8*8 a composite number?
False
Is 86989/63 + 3/((-54)/(-4)) composite?
False
Suppose -a + 3*a = t + 6, -32 = -4*a - 3*t. Suppose 453 = a*g - 352. Is g composite?
True
Let j(g) = -9*g**3 + 5*g**2 - 5*g + 2. Let a(m) = -44*m**3 + 25*m**2 - 26*m + 9. Let q(r) = 2*a(r) - 11*j(r). Is q(3) a prime number?
True
Suppose 2*u - 267 - 1691 = 0. Is u composite?
True
Let g be 330/(-27) - 4/(-18). Let k be (237/(-6))/(2/g). Suppose k = c + 2*c. Is c composite?
False
Let f = 15 + -10. Let w(m) = m**2 - 5*m. Let a be w(f). Suppose k + 9 = 3*p - 90, a = 3*k - 9. Is p prime?
False
Let i be (-60)/(-25) + (-4)/10. Suppose 2*t + i*h - 282 = -0*h, 0 = 2*h + 8. Is t composite?
True
Suppose -a - 677 = -3*o, o + o - 4*a - 448 = 0. Suppose -w = -5*z - 0*w + o, 218 = 5*z - 3*w. Is z a composite number?
True
Suppose 4*o - 2*w - 1240 = -0*o, -2*o =